of 127508 and 31496?
508
What is the highest common divisor of 60 and 156045?
15
Calculate the greatest common factor of 678 and 2147.
113
Calculate the highest common factor of 38040 and 1920.
120
What is the greatest common factor of 2691 and 21827?
299
What is the greatest common factor of 1513 and 6408?
89
Calculate the greatest common divisor of 233 and 19075477.
233
Calculate the greatest common factor of 406 and 63133.
203
Calculate the greatest common divisor of 576 and 27396.
36
Calculate the greatest common divisor of 7272 and 222402.
606
Calculate the highest common divisor of 1 and 578.
1
What is the highest common factor of 140 and 22036?
28
What is the highest common factor of 1470 and 5205?
15
What is the greatest common factor of 444148 and 592?
148
Calculate the greatest common divisor of 87732 and 18.
18
Calculate the greatest common factor of 2820 and 11580.
60
What is the greatest common factor of 596 and 1055218?
298
Calculate the highest common divisor of 338349 and 1650.
33
What is the greatest common divisor of 178 and 53845?
89
What is the highest common divisor of 22575 and 6720?
105
What is the highest common divisor of 887676 and 60?
12
Calculate the greatest common factor of 211 and 259108.
211
What is the highest common divisor of 126 and 3312?
18
Calculate the highest common divisor of 128578 and 7208.
106
What is the greatest common divisor of 202692 and 105?
21
What is the greatest common divisor of 1161 and 157337?
43
Calculate the greatest common factor of 603249 and 633.
633
What is the greatest common factor of 285 and 492?
3
What is the highest common factor of 312 and 312728?
104
Calculate the greatest common divisor of 371279 and 19.
19
Calculate the greatest common factor of 376 and 290930.
94
What is the highest common factor of 12817 and 21?
7
What is the highest common divisor of 978022 and 8?
2
What is the greatest common divisor of 1038 and 1618761?
519
Calculate the greatest common factor of 548704 and 64.
32
What is the highest common factor of 2247 and 963?
321
What is the greatest common divisor of 185232 and 2176?
272
Calculate the greatest common factor of 9222 and 4.
2
Calculate the highest common factor of 43264 and 9295.
169
What is the greatest common divisor of 2747734 and 11?
11
Calculate the greatest common factor of 1608 and 143916.
804
Calculate the greatest common divisor of 5544 and 128.
8
What is the highest common divisor of 3375 and 174960?
135
What is the highest common factor of 22 and 11174218?
22
Calculate the greatest common factor of 3464 and 1130996.
1732
Calculate the highest common divisor of 44820 and 420.
60
Calculate the highest common factor of 2162922 and 114.
114
Calculate the greatest common factor of 275 and 402875.
275
Calculate the greatest common divisor of 10812438 and 369.
369
Calculate the greatest common divisor of 1746260 and 40.
20
Calculate the greatest common divisor of 790005 and 120.
15
Calculate the highest common divisor of 67769 and 1690.
169
What is the greatest common divisor of 45 and 6040?
5
Calculate the highest common factor of 983 and 19.
1
Calculate the greatest common factor of 2432 and 372704.
608
Calculate the greatest common factor of 21 and 13824405.
21
Calculate the highest common divisor of 7007 and 208.
13
What is the greatest common divisor of 4 and 1160216?
4
Calculate the highest common factor of 74756 and 220.
44
What is the highest common factor of 5002 and 1281?
61
What is the greatest common factor of 1800 and 434880?
360
Calculate the greatest common factor of 12609 and 297.
27
What is the highest common divisor of 6489560 and 980?
980
Calculate the highest common divisor of 100 and 6240.
20
Calculate the highest common factor of 645248 and 24.
8
Calculate the highest common factor of 989189 and 955.
191
Calculate the highest common factor of 28 and 266714.
14
Calculate the highest common factor of 89721 and 459.
27
What is the highest common divisor of 15344 and 57344?
112
Calculate the highest common factor of 15 and 17095.
5
Calculate the greatest common factor of 950 and 3415.
5
Calculate the highest common divisor of 3362 and 226.
2
Calculate the highest common factor of 5 and 1846590.
5
Calculate the greatest common factor of 1084 and 38753.
271
What is the greatest common factor of 684 and 7638?
114
Calculate the highest common divisor of 37928 and 22843.
431
What is the greatest common divisor of 3474 and 720?
18
What is the highest common factor of 528 and 3367452?
132
What is the highest common divisor of 128139 and 1089?
363
What is the highest common divisor of 770 and 211365?
385
Calculate the highest common divisor of 3942 and 30806.
146
Calculate the greatest common factor of 43290 and 260.
130
What is the greatest common divisor of 132 and 1859?
11
What is the greatest common divisor of 100 and 20690?
10
What is the greatest common divisor of 253 and 543881?
23
What is the highest common divisor of 798 and 13146?
42
Calculate the highest common factor of 819 and 26376.
21
Calculate the greatest common factor of 413 and 54398.
59
What is the highest common factor of 31163 and 55?
11
What is the greatest common divisor of 2277 and 128133?
207
What is the highest common divisor of 2790 and 397575?
1395
What is the highest common factor of 804 and 2186076?
804
Calculate the greatest common divisor of 32110 and 1040.
130
What is the greatest common factor of 2708 and 8671016?
2708
What is the greatest common divisor of 28 and 50092?
28
Calculate the greatest common factor of 462120 and 456.
24
Calculate the highest common factor of 1505446 and 916.
458
Calculate the greatest common factor of 9400 and 7708.
188
Calculate the greatest common factor of 1750 and 31375.
125
Calculate the highest common factor of 63534 and 24.
6
What is the greatest common divisor of 85467 and 15531?
93
What is the highest common divisor of 876 and 3306462?
438
Calculate the highest common divisor of 395223 and 282.
141
What is the greatest common divisor of 5954 and 1456?
26
What is the highest common factor of 242142 and 18?
6
What is the highest common factor of 3312 and 37008?
144
What is the highest common divisor of 969 and 32737?
19
Calculate the greatest common divisor of 79581 and 369.
123
Calculate the greatest common divisor of 658163 and 44.
11
Calculate the highest common factor of 2893 and 8416.
263
What is the highest common divisor of 49693 and 279?
31
Calculate the highest common factor of 11408 and 506.
46
Calculate the highest common divisor of 243 and 2169.
9
Calculate the greatest common divisor of 1274 and 702.
26
What is the highest common divisor of 143 and 21241?
11
What is the greatest common divisor of 8424 and 2769?
39
Calculate the highest common divisor of 551 and 9082.
19
What is the highest common factor of 55 and 21835?
55
What is the highest common divisor of 298422 and 236?
118
Calculate the highest common divisor of 15610 and 35234.
446
What is the highest common divisor of 114214 and 2?
2
Calculate the highest common divisor of 231 and 48.
3
What is the highest common factor of 596145 and 30?
15
What is the highest common divisor of 981250 and 14130?
1570
What is the greatest common divisor of 400844 and 3496?
92
Calculate the highest common factor of 213 and 418687.
71
Calculate the highest common divisor of 10143 and 5382.
207
Calculate the greatest common divisor of 369 and 6903.
9
Calculate the greatest common factor of 768 and 4152576.
768
Calculate the highest common factor of 256 and 8848.
16
Calculate the highest common factor of 30784 and 26.
26
Calculate the highest common factor of 200 and 43300.
100
Calculate the highest common factor of 11137 and 86.
43
What is the highest common divisor of 28 and 17766?
14
What is the highest common factor of 496 and 15500?
124
What is the greatest common factor of 897925 and 200?
25
What is the greatest common factor of 148655 and 195?
65
Calculate the highest common divisor of 36 and 775140.
12
What is the greatest common divisor of 2142 and 206550?
306
Calculate the highest common factor of 3388 and 451.
11
What is the greatest common divisor of 314 and 2669?
157
Calculate the highest common divisor of 13091 and 777404.
1007
Calculate the grea